{"id":36,"date":"2013-06-15T14:10:42","date_gmt":"2013-06-15T12:10:42","guid":{"rendered":"http:\/\/erhard-family.de\/wordpress\/?page_id=36"},"modified":"2024-06-03T07:44:16","modified_gmt":"2024-06-03T05:44:16","slug":"home","status":"publish","type":"page","link":"https:\/\/erhard-family.de\/","title":{"rendered":"Home"},"content":{"rendered":"<p><span style=\"font-size: 12pt;\"><strong>Elke Erhard, Andreas Erhard, Manuel Erhard<\/strong><\/span><\/p>\n<p><span style=\"font-size: 12pt;\">Familie Erhard z\u00e4hlt als Verfechter und Praktiker des b\u00fcrgerschaftlichen Engagements. Erste Initiativen und Projekte im Bereich der Jugendarbeit, des Artenschutzes sowie Umweltschutzbestrebungen wurden bereits in den 1970er und 1980er Jahren durch Andreas Erhard initiiert und durchgef\u00fchrt.<\/span><\/p>\n<p><span style=\"font-size: 12pt;\"><a href=\"https:\/\/erhard-family.de\/wordpress\/wp-content\/uploads\/Bild-familie.jpg\"><img loading=\"lazy\" decoding=\"async\" class=\"alignleft wp-image-63\" src=\"https:\/\/erhard-family.de\/wordpress\/wp-content\/uploads\/Bild-familie-300x224.jpg\" alt=\"DIGITAL CAMERA\" width=\"373\" height=\"280\" srcset=\"https:\/\/erhard-family.de\/wordpress\/wp-content\/uploads\/Bild-familie-300x224.jpg 300w, https:\/\/erhard-family.de\/wordpress\/wp-content\/uploads\/Bild-familie.jpg 448w\" sizes=\"auto, (max-width: 373px) 100vw, 373px\" \/><\/a><\/span><\/p>\n<p>&nbsp;<\/p>\n<p><span style=\"font-size: 12pt;\">Im Jahr 1989 erfolgte die Eheschlie\u00dfung von Elke und Andreas Erhard. Im Jahr 1990 kam ihr Sohn Manuel zur Welt.<\/span><\/p>\n<p><span style=\"font-size: 12pt;\">Seit diesem Zeitpunkt, (1990) werden alle Initiativen und Projekte des b\u00fcrgerschaftlichen Engagements im Rahmen der Familie ausgef\u00fchrt.<\/span><\/p>\n<p>&nbsp;<\/p>\n<p>&nbsp;<\/p>\n<p><span style=\"font-size: 10pt;\"><strong>Familie Elke, Andreas und Manuel Erhard (v.li.n.re.)<br \/>\nvor Schloss Bellevue in Berlin \u00a9 2013<\/strong><\/span><\/p>\n<p><span style=\"font-size: 12pt;\">Seither sind durch Familie Elke, Andreas und Manuel Erhard eine F\u00fclle von eigenverantwortlich realisierten F\u00f6rderprojekten entstanden.<\/span><\/p>\n<p><span style=\"font-size: 12pt;\">Nach ihrer \u00dcberzeugung sollte damals als auch heute ein neuer Zeitgeist in alle gesellschaftlichen Gruppen des Landes Einzug halten.\u00a0 Weg von der oft \u00fcberzogenen Subventions- und F\u00f6rdergeldmentalit\u00e4t sowie Profiterwartung, hin zu mehr Eigenverantwortung, B\u00fcrgerengagement, sozialer Gerechtigkeit und einem l\u00e4nder\u00fcbergreifenden Ideenreichtum.<\/span><\/p>\n<p><span style=\"font-size: 12pt;\">Der Europ\u00e4ische Gedanke vom friedlichen Zusammenleben der Kulturen sowie der Verantwortung f\u00fcr die Menschen, dem kulturellen Erbe sowie dem Natur- und Artenreichtum wird bei allen Projekten und Bestrebungen von Familie Erhard integriert.<\/span><\/p>\n<p><span style=\"font-size: 12pt;\">Der Spannungsbogen dieser gemeinn\u00fctzigen Aktivit\u00e4ten umfasst ann\u00e4hernd alle Facetten des t\u00e4glichen Lebens. Insbesondere sind dies, Umweltschutz, Denkmalschutz, Naturschutz, Artenschutz sowie Jugend- und Erwachsenenbildungsbereiche. Besonders das b\u00fcrgerschaftliche Engagement der Familie Erhard um die Gestaltung der Deutschen Einheit gilt bereits als bundesweit einmalig. Ein Gro\u00dfteil der durchgef\u00fchrten Initiativen und Projekte z\u00e4hlt als dem momentanen Zeitgeist oder dem zurzeit herrschenden politischen und gesellschaftlichen Verst\u00e4ndnis voraus.<\/span><\/p>\n<p><span style=\"font-size: 12pt;\">Familie Elke, Andreas und Manuel Erhard nimmt f\u00fcr ihr b\u00fcrgerschaftliches Engagement ausdr\u00fccklich keine staatliche F\u00f6rdergelder oder Subventionen entgegen.<\/span><br \/>\n<span style=\"font-size: 12pt;\">Seit Jahrzehnten zeigt sie in eindrucksvoller Weise, dass b\u00fcrgerschaftliches Engagement und privat initiativer Ideenreichtum auch ohne staatliche finanzielle F\u00f6rderung realisierbar ist. Familie Erhard redet und fordert nichts von der Politik und der Gesellschaft &#8211; sie handelt!<\/span><\/p>\n<p><span style=\"font-size: 12pt;\">Die Finanzierung aller Projekte und Initiativen der Familie Erhard wird aus eigenen Geldmitteln oder durch private Sponsoren realisiert. Seit dem Jahr 2001 stehen alle Projekte und Initiativen der Familie Erhard unter der gemeinn\u00fctzigen Tr\u00e4gerschaft des Deutschen Kuratoriums zur F\u00f6rderung von Wissenschaft, Bildung und Kultur e.V.<\/span><\/p>\n<p><span style=\"font-size: 12pt;\">Familie Erhard ist selbstlos, gemeinn\u00fctzig und eigenverantwortlich t\u00e4tig. Sie verfolgt mit ihrem privaten Engagement keine politischen, konfessionellen oder beruflichen Zwecke.<\/span><\/p>\n","protected":false},"excerpt":{"rendered":"<p>Elke Erhard, Andreas Erhard, Manuel Erhard Familie Erhard z\u00e4hlt als Verfechter und Praktiker des b\u00fcrgerschaftlichen Engagements. Erste Initiativen und Projekte im Bereich der Jugendarbeit, des Artenschutzes sowie Umweltschutzbestrebungen wurden bereits in den 1970er und 1980er Jahren durch Andreas Erhard initiiert <a class=\"more-link\" href=\"https:\/\/erhard-family.de\/\">Weiterlesen\u00a0\u2026<\/a><\/p>\n","protected":false},"author":1,"featured_media":0,"parent":0,"menu_order":0,"comment_status":"closed","ping_status":"closed","template":"","meta":{"footnotes":""},"class_list":["post-36","page","type-page","status-publish","hentry"],"_links":{"self":[{"href":"https:\/\/erhard-family.de\/index.php?rest_route=\/wp\/v2\/pages\/36","targetHints":{"allow":["GET"]}}],"collection":[{"href":"https:\/\/erhard-family.de\/index.php?rest_route=\/wp\/v2\/pages"}],"about":[{"href":"https:\/\/erhard-family.de\/index.php?rest_route=\/wp\/v2\/types\/page"}],"author":[{"embeddable":true,"href":"https:\/\/erhard-family.de\/index.php?rest_route=\/wp\/v2\/users\/1"}],"replies":[{"embeddable":true,"href":"https:\/\/erhard-family.de\/index.php?rest_route=%2Fwp%2Fv2%2Fcomments&post=36"}],"version-history":[{"count":26,"href":"https:\/\/erhard-family.de\/index.php?rest_route=\/wp\/v2\/pages\/36\/revisions"}],"predecessor-version":[{"id":696,"href":"https:\/\/erhard-family.de\/index.php?rest_route=\/wp\/v2\/pages\/36\/revisions\/696"}],"wp:attachment":[{"href":"https:\/\/erhard-family.de\/index.php?rest_route=%2Fwp%2Fv2%2Fmedia&parent=36"}],"curies":[{"name":"wp","href":"https:\/\/api.w.org\/{rel}","templated":true}]}}