{"id":19,"date":"2013-06-15T14:07:16","date_gmt":"2013-06-15T12:07:16","guid":{"rendered":"http:\/\/erhard-family.de\/wordpress\/?page_id=19"},"modified":"2022-04-21T10:09:38","modified_gmt":"2022-04-21T08:09:38","slug":"1970er","status":"publish","type":"page","link":"https:\/\/erhard-family.de\/?page_id=19","title":{"rendered":"1970er"},"content":{"rendered":"<p><span style=\"font-size: 12pt;\">Bereits Ende der 1970er Jahre wurden durch Andreas Erhard mehrere eigenverantwortlich initiierte, gemeinn\u00fctzige Projekte auf den Weg gebracht. Hierbei handelte es sich in erster Linie um private Initiativen innerhalb der Jugendarbeit, des praktischen Naturschutzes sowie der Erhaltung von bedrohten Tierarten.<\/span><\/p>\n<p><span style=\"font-size: 12pt;\">Von 1979 bis 1981 leistete Andreas Erhard seinen Wehrdienst bei der Bundeswehr ab. In seiner Funktion als Artillerieunteroffizier und Ausbilder hatte er st\u00e4ndig Kontakt und Umgang mit in erster Linie wehrpflichtigen, jungen Soldaten. Aus dieser Zeit stammen auch seine Erkenntnisse und umfassenden Erfahrungen mit \u00fcberm\u00e4\u00dfigem Alkoholkonsum in der Truppe und mangelnde M\u00f6glichkeiten der sinnvollen Freizeitgestaltung der Wehrpflichtigen nach Dienstschluss. Als Schl\u00fcsselerlebnis ist hierbei sicherlich der unter Alkoholeinfluss durchgef\u00fchrte Selbstt\u00f6tungsversuch eines jungen Soldaten zu werten. Diesen jungen Wehrpflichtigen konnte Andreas Erhard damalig gerade noch das Leben retten. In der Folgezeit initiierte Andreas Erhard zahlreiche Projekte zur sinnvollen Jugendfreizeit. In erster Linie waren hierzu die wehrpflichtigen Soldaten aufgerufen, welche sehr weit von zu Hause einberufen waren und somit nicht jeden Tag bzw. jedes Wochenende in den Heimaturlaub gehen konnten. Zu den Freizeitm\u00f6glichkeiten, welche Andreas Erhard ebenfalls nach seinem Dienstschluss anbot, z\u00e4hlten u.a. Schachturniere, Kinoabende in der nahegelegenen Marktgemeinde, Sportangebote und in den Wintermonaten Langlaufski.<\/span><\/p>\n<p><span style=\"font-size: 12pt;\">In seinem Heimatlandkreis erwarb Andreas Erhard ein erstes landwirtschaftliches Grundst\u00fcck um dieses der intensiven landwirtschaftlichen Nutzung zu entziehen.<\/span><\/p>\n<p><span style=\"font-size: 12pt;\"><a href=\"https:\/\/erhard-family.de\/wordpress\/wp-content\/uploads\/70er1.jpg\"><img loading=\"lazy\" decoding=\"async\" class=\"size-medium wp-image-56 alignleft\" src=\"https:\/\/erhard-family.de\/wordpress\/wp-content\/uploads\/70er1-300x224.jpg\" alt=\"DIGITAL CAMERA\" width=\"294\" height=\"227\" \/><\/a> <\/span><\/p>\n<p><span style=\"font-size: 12pt;\">Nach der Vorstellung von Andreas Erhard sollten auf dem erworbenen Hanggrundst\u00fcck einst heimische seltene Pflanzen und Tierarten, welche durch die intensive landwirtschaftliche Nutzung zur\u00fcckgedr\u00e4ngt wurden, zur\u00fcckkehren. Gr\u00f6\u00dfere Steinaufsch\u00fcttungen, welche bereits in den 1800er Jahren zur Abgrenzung der Fl\u00e4chen von Menschenhand angelegt wurden, beg\u00fcnstigten den neu aufbl\u00fchenden Tier- und Pflanzen-Artenreichtum in den weiteren Jahren.<\/span><\/p>\n<p>&nbsp;<\/p>\n<p><span style=\"font-size: 10pt;\"><strong>Zauneidechse in den Steinaufsch\u00fcttungen \u00a9 2013<\/strong><\/span><\/p>\n","protected":false},"excerpt":{"rendered":"<p>Bereits Ende der 1970er Jahre wurden durch Andreas Erhard mehrere eigenverantwortlich initiierte, gemeinn\u00fctzige Projekte auf den Weg gebracht. Hierbei handelte es sich in erster Linie um private Initiativen innerhalb der Jugendarbeit, des praktischen Naturschutzes sowie der Erhaltung von bedrohten Tierarten. <a class=\"more-link\" href=\"https:\/\/erhard-family.de\/?page_id=19\">Weiterlesen\u00a0\u2026<\/a><\/p>\n","protected":false},"author":1,"featured_media":0,"parent":0,"menu_order":0,"comment_status":"closed","ping_status":"closed","template":"","meta":{"footnotes":""},"class_list":["post-19","page","type-page","status-publish","hentry"],"_links":{"self":[{"href":"https:\/\/erhard-family.de\/index.php?rest_route=\/wp\/v2\/pages\/19","targetHints":{"allow":["GET"]}}],"collection":[{"href":"https:\/\/erhard-family.de\/index.php?rest_route=\/wp\/v2\/pages"}],"about":[{"href":"https:\/\/erhard-family.de\/index.php?rest_route=\/wp\/v2\/types\/page"}],"author":[{"embeddable":true,"href":"https:\/\/erhard-family.de\/index.php?rest_route=\/wp\/v2\/users\/1"}],"replies":[{"embeddable":true,"href":"https:\/\/erhard-family.de\/index.php?rest_route=%2Fwp%2Fv2%2Fcomments&post=19"}],"version-history":[{"count":17,"href":"https:\/\/erhard-family.de\/index.php?rest_route=\/wp\/v2\/pages\/19\/revisions"}],"predecessor-version":[{"id":615,"href":"https:\/\/erhard-family.de\/index.php?rest_route=\/wp\/v2\/pages\/19\/revisions\/615"}],"wp:attachment":[{"href":"https:\/\/erhard-family.de\/index.php?rest_route=%2Fwp%2Fv2%2Fmedia&parent=19"}],"curies":[{"name":"wp","href":"https:\/\/api.w.org\/{rel}","templated":true}]}}